s d(b)?
7
Let a(v) be the second derivative of 5*v**3/6 - 3*v**2/2 + 2*v. Let t(n) = -3*n + 4 + n + 1 - 9*n. Let j(z) = 7*a(z) + 4*t(z). Give j(-1).
8
Suppose 2*x + 0 - 10 = 0. Let t be (-110)/50 - (-1)/x. Let o be (8 - 4)/2 - t. Let w(a) = -a**2 + 3*a - 6. What is w(o)?
-10
Let c(r) = r + 1. Let m be c(-7). Let g(a) = 776 + 2*a + 770 - 1543. What is g(m)?
-9
Let r(v) = 22*v - 2. Let n be (-27)/162 - 14/(-12). Give r(n).
20
Let a(g) = 12. Let f(n) = n - 5. Let u(l) = -2*a(l) - f(l). Calculate u(-4).
-15
Let b(j) = -6*j**2 - 39*j + 19. Let t be b(-7). Let v(y) be the third derivative of 7*y**4/24 + 2*y**2. What is v(t)?
-14
Let i(k) = -2*k**2 + 48*k + 55. Let h(w) = -w**2 + 12*w + 185. Let t be h(20). Determine i(t).
5
Let g(w) = 2*w - 2*w - 2 - 2*w**2 + 3*w + 0*w**2. Suppose -b + 4 = 1. Suppose b = -2*u + 7. Calculate g(u).
-4
Let o(y) = y**2 + 15*y - 14. Let h be o(-18). Suppose -12*f - 44 - h = 0. Let b(d) = -d**3 - 6*d**2 + 8*d + 6. What is b(f)?
-1
Let r(b) = b + 12. Let o(m) be the first derivative of -m**4/4 + 3*m**3 - 19*m**2/2 + 6*m + 13. Let n be o(6). Determine r(n).
12
Let o(b) = 14*b + 13. Let q(h) = -22*h - 20. Let d(w) = -8*o(w) - 5*q(w). Let c be 34/(-6) + 4/6. Give d(c).
6
Let b(c) = 2*c**2 - 10*c + 6. Suppose -w + 4*z = -15, -2*w + 2*z + 32 - 20 = 0. What is b(w)?
-6
Let w(b) be the first derivative of -2*b**3/3 + 3*b**2/2 + 3*b - 173. What is w(3)?
-6
Let q be ((-2)/4)/((-5)/30). Let h(z) = 6*z - 7*z + 4*z - 2*z + q. Give h(-4).
-1
Let c = -224 - -228. Let r(o) be the second derivative of -5/12*o**c + 0*o**3 + 0*o**2 + 0 + o. Determine r(1).
-5
Let m = -6 - -11. Let u(y) = 14*y**2 + 6*y + 26. Let r(d) = 5*d**2 + 2*d + 9. Let v(a) = 17*r(a) - 6*u(a). What is v(m)?
12
Let i = 158 - 473/3. Let a(c) be the first derivative of 2*c**2 + c - 6 - i*c**3. Determine a(2).
5
Let b(m) = m - 2. Let s be b(0). Let c be ((0/(-3))/s)/1. Let z(u) be the third derivative of u**4/24 - 5*u**3/3 - 9*u**2. Calculate z(c).
-10
Let m(q) be the third derivative of -q**8/20160 - q**7/5040 + q**6/360 + 5*q**5/12 + 29*q**2. Let w(j) be the third derivative of m(j). Calculate w(-2).
0
Let u(l) = l**3 + 5*l**2 + l + 1. Let n(s) = -8*s - 20. Let q be n(-6). Let y be (2/(-5))/((q/(-20))/(-7)). Determine u(y).
11
Let q(z) be the second derivative of z**6/120 - z**5/40 - z**4/24 - 2*z**3/3 - 11*z. Let o(j) be the second derivative of q(j). Calculate o(-2).
17
Suppose 0*r - 6 = -2*r. Let b(z) = 5*z - 2 - z + r*z. Let n be (11 - 3)*(-3)/6 + 2. Give b(n).
-16
Let r be -4 + 1/3*6. Let o be r*6/4 - (-9)/1. Let l(h) = -h + 8. What is l(o)?
2
Let c(v) = -3 + 611*v + 600*v + 630*v - 1873*v. Determine c(1).
-35
Let m(n) be the first derivative of n**3/3 - 3*n**2/2 - 3*n - 1. Suppose -4*y - 3*j + 44 = 17, 28 = y + 5*j. Determine m(y).
-3
Let x(a) = -a**2 + 8*a + 12. Let d be (-1)/(-5) + (-204)/(-30). What is x(d)?
19
Let p(w) = w**3 - 8*w**2 - w + 5. Let q = -4 + 61. Suppose -5*j + q = 4*v, -5*v = j - 37 - 8. What is p(v)?
-3
Let h be (-2)/9 - (-12)/54. Let m be h/(-4)*(-1)/(-1). Let n(q) = q - 1. Let a(f) = 7*f - 3. Let i(u) = -a(u) + 6*n(u). Calculate i(m).
-3
Let y(u) = 3*u + 1. Let l = 9 - 13. Let k be 8/6 + l/(-6). Suppose 4 = 2*g, 3*b - g = k + 5. What is y(b)?
10
Let b = -448 + 454. Let o(l) = 4*l. Calculate o(b).
24
Let r(i) = -i**3 + 6*i**2 - 2*i - 2. Let l be r(5). Let b = 20 - l. Let d(f) = 1 - 7*f**2 - b*f**2 + 18*f**2 + 0. What is d(1)?
5
Let z(g) = -g**2 - 1. Let j(r) = -9*r**2 - 3*r - 7. Let v(o) = j(o) - 6*z(o). Let u(w) = -4*w**2 - 2*w - 1. Let a(p) = 2*u(p) - 3*v(p). Calculate a(-6).
7
Let w(p) = -3*p - 36. Let j be w(-13). Suppose 0 = -j*c + 9 - 6. Let f(z) = -z + 0 + 1 - z**2 + 5*z**2. Determine f(c).
4
Let s(a) = -a**3 - 45*a**2 - 14*a - 3. Let b(g) = 8*g**2 + 2*g + 1. Let r(h) = -5*b(h) - s(h). Let j(w) = -w**3 - 3*w**2. Let z be j(-2). Calculate r(z).
-2
Let n(u) = -u + 11. Let q be n(11). Let p(t) be the third derivative of 1/3*t**3 - 1/60*t**5 + 0 + 9*t**2 + q*t - 1/4*t**4. Determine p(-5).
7
Let v(f) = 2*f - 12. Suppose 24 = -29*a + 32*a. Let t = a + 0. Calculate v(t).
4
Let a(p) = -p**3 + 3*p**2 + 4*p - 5. Let y be -5 - -6 - (-1 + -1 + -1). Calculate a(y).
-5
Let y(v) be the second derivative of -v**3/6 + 2*v + 69. What is y(3)?
-3
Let y = 9 - 4. Suppose -v + 4 = y, 0 = -5*w + 3*v + 18. Let s(l) = 1 - 3*l**w - 99*l + 99*l. Give s(-1).
4
Let s(o) = o**3 - 7*o**2 + 7*o + 8. Let b be s(5). Let q(f) be the first derivative of -f**3/3 - 5*f**2/2 - 2*f - 14. What is q(b)?
-16
Let i(u) = 7*u + 29. Let j(n) = 8*n + 31. Let t(s) = 7*i(s) - 6*j(s). Give t(-5).
12
Let u(b) = b**2 + b + 7. Let h be u(0). Let p(n) = -n + 11. Let q be p(h). Let v(x) = 8 - 3*x - 4*x**2 - q + 2 - x**3 + 2*x**3. What is v(4)?
-6
Let c(x) = 2*x**3 - 19*x**2 - 11*x - 11. Let g be c(10). Let b(l) = l**2 + 22*l + 11. Determine b(g).
-10
Suppose 2*z + 1 = -1. Let n(b) = 339*b**2 + 337*b**2 - 1005*b**2 + 338*b**2 - 1. What is n(z)?
8
Let r be (-2)/1 + 3 + -1. Suppose 0 = 3*l + l - 8. Let o(u) = 3*u - 1 - 1 - l*u + 10. Determine o(r).
8
Let h(u) = 12*u + 5*u - 12*u - 3*u - 8. Determine h(6).
4
Let l(i) be the third derivative of i**4/24 - 2*i**2. Let a = -29 - -14. Let q = -14 - a. Determine l(q).
1
Let o(b) = 3*b - 31. Suppose -5*u + 50 = -5*x, 4*u - 48 = 10*x - 8*x. Calculate o(u).
11
Let n = 76 - 74. Let s(b) = 2 - 3 - n - 3*b - 1. Determine s(-4).
8
Let a(h) be the second derivative of -h**5/10 - h**4/12 - h**3/6 + h**2/2 - 4*h. Give a(1).
-3
Let m = 8 - 5. Let t(h) = 4*h**3 - 3*h**2 + h. Suppose -12 = 3*v + v. Let b(c) = -3*c**3 + 3*c**2 - c. Let z(o) = v*b(o) - 2*t(o). What is z(m)?
3
Let h(d) = -7 + 45 - 2*d**2 - 12 + 2 - 7 - 39*d. Calculate h(-20).
1
Let m(s) be the third derivative of -17*s**2 + 0 + 1/8*s**4 + 0*s + 1/60*s**5 - s**3. Calculate m(-5).
4
Let y = -12 + 17. Let b = -3 + y. Let k(t) = 1. Let i(c) = c + 2. Let a(w) = -6*i(w) + 11*k(w). Give a(b).
-13
Let z(j) = j**2 + 5*j**2 + 2 + 4*j + j**3 + 2*j + j**2. Let x be (5 + -4)/(3/114). Suppose -20 = 5*u, -5*c - u = -4 + x. What is z(c)?
2
Let n(h) = 4*h + 1. Suppose 0 = -8*u + 2*u + 36. Let f(b) = b**2 - 6*b + 8. Let q be f(u). Suppose 4*w - 2*w + q = 0. What is n(w)?
-15
Suppose 6 = -4*x + x, b - 2*x = -3. Let l(c) = c**2 - 10*c - 12. Let h = 0 + 4. Let y(g) = 2*g**2 - 19*g - 23. Let s(t) = b*l(t) + h*y(t). Determine s(6).
-8
Let d(z) be the third derivative of z**7/560 + z**6/720 + z**5/15 + 14*z**2. Let c(q) be the third derivative of d(q). Suppose h + 1 = -0. Determine c(h).
-8
Let c(u) be the first derivative of u**4/4 - 2*u**3/3 - 4*u - 180. Calculate c(3).
5
Let x(p) be the second derivative of p**4/12 - 2*p**3/3 + 2*p - 76. What is x(2)?
-4
Let g(a) = -5*a - a**2 + 3*a - 5*a. Suppose 7*c - 9 = 6*c + 4*f, 0 = -c - 5*f - 27. What is g(c)?
0
Let l(r) = r**2 + 5*r + 6. Let j be 32/(-5) - 48/80. Determine l(j).
20
Let t(x) be the first derivative of x**4/4 + 5*x**3/3 + x**2 + 6*x - 54. Determine t(-5).
-4
Let c(i) be the third derivative of -i**5/60 + 11*i**4/24 - 11*i**3/6 - 661*i**2. What is c(6)?
19
Let n(h) = -h**3 - 10*h**2 + 7*h + 13. Let x = -882 + 871. What is n(x)?
57
Let q(w) = 2*w**2 - 4. Let v be -1*1/(-7) + (-78)/(-91). Let z be (2/6 - 0)/(v/(-9)). Give q(z).
14
Let v(r) = -r**2 - 24*r. Let k be v(-24). Suppose k = w + 4*w - 10. Let c(b) = -b - 2. What is c(w)?
-4
Let g(q) = -q**2 + 12*q + 2. Let s(d) = 9*d**2 + d**3 + 7 + 8*d - 4 + 9. Let o be s(-8). Calculate g(o).
2
Let k(s) = -2*s + 0 + 3*s + s + 1. Let d(x) = -x**3 - 27*x**2 + 89*x - 28. Let v be d(-30). What is k(v)?
5
Let r = 1 - 6. Let k(o) = -o**3 - 5*o**2 - 3*o. Let f(p) = p**3 + 6*p**2 + 4*p. Let t(j) = r*k(j) - 4*f(j). Give t(-2).
-2
Let b(a) be the third derivative of -a**6/120 + a**5/10 + a**4/6 - a**3/2 - 13*a**2 + 3. Determine b(7).
-24
Let q = -2 - -7. Let z(l) be the second derivative of -l**3/6 + 5*l**2/2 + 2125*l. Determine z(q).
0
Let w(u) = u**3 + 12*u**2 + u + 16. Let j = 800 - 812. Give w(j).
4
Let f(g) = -g**2 - 7*g - 7. Let x(a) = a + 4. Let v be x(-5). Let c(r) = 2*r**2 - 5*r**2 - r**2 + r. Let i be c(v). Calculate f(i).
3
Let g(u) be the second derivative of 1/2*u**3 + 9/2*u**2 - 13*u + 0. What is g(-6)?
-9
Let k(s) = -11*s**2 - 7*s - 11. Let c(j) = 15*j**2 + 6*j + 10. Let l(y) = 3*c(y) + 4*k(y). Give l(11).
-3
Let d =